hat is the remainder when (20*1)/((-16)/(-6) + c) is divided by 17?
13
Let o = -89 - -489. Suppose 3*u - 537 = -2*y, -4*u - o = -3*y + 397. What is the remainder when y is divided by 45?
42
What is the remainder when 764 is divided by (-20 - (-1157)/52)/(2/16)?
8
Let w = -4289 + 4363. What is the remainder when 135 is divided by w?
61
Let u(d) be the second derivative of -d**4/12 - 8*d**3/3 - 51*d**2/2 - 94*d. Suppose -195 = 4*x - 9*x. What is the remainder when x is divided by u(-6)?
3
Let s be (-12)/(-30) + (-81)/15. Let y = s - -39. Let k = y + 12. Calculate the remainder when 137 is divided by k.
45
Let r = -178 + 218. What is the remainder when ((-59)/(-2))/(10/r) is divided by 11?
8
Let a(o) = o**3 - 9*o**2 + o - 1. Let t be a(8). Let h(g) = 3*g + 4. Calculate the remainder when (76/t)/((-1)/21) is divided by h(4).
12
Suppose -36 = -2*q + 114. Suppose c - q = -4*c. Calculate the remainder when 59 is divided by c.
14
Let l = -62 + 88. Let a(s) = 3*s + 45. What is the remainder when a(l) is divided by 21?
18
Let p(o) = -o**2 - 185*o - 5062. Calculate the remainder when p(-38) is divided by 180.
164
Suppose -53*a = -657 - 244. What is the remainder when 45 is divided by a?
11
Suppose -83 = -0*s + 11*s - 1095. What is the remainder when 356 is divided by s?
80
Suppose 13473*o - 13499*o = -8710. Calculate the remainder when 8039 is divided by o.
334
Let j be 130/15*42/(-4). Let g = j + 89. Calculate the remainder when 76 is divided by (g + 0)/(1/(-8)).
12
Suppose 111 + 14 = 18*x - 37. Calculate the remainder when 395 is divided by x.
8
Let a(h) = -693*h - 11649. What is the remainder when a(-17) is divided by 9*2 + (2 - 1)?
18
Suppose -2*u + 0 = -2*w - 6, -5*u + 2*w + 21 = 0. Calculate the remainder when 199 is divided by u.
4
Let t(v) = v**2 - 5*v + 16. Let y be t(6). Suppose -y*z + 20*z = 3*l - 215, 2*l - 150 = 2*z. What is the remainder when l is divided by 27?
19
Suppose -42*v - 12*v - 119*v = -18338. What is the remainder when 648 is divided by v?
12
Let w(b) = 3*b**2 - 33*b - 141. Let f be w(-4). Suppose -k + 42*d - 38*d = -f, -4*d = 4. Calculate the remainder when 162 is divided by k.
22
Suppose -y - 30*y + 11346 = 0. Calculate the remainder when y is divided by 119.
9
Suppose 0 = -5*i - 4*d + 2358, -4*i = -24*d + 23*d - 1857. Calculate the remainder when 943 is divided by i.
11
Suppose 0 = 2*t + 2*h - 1490, 5*t - 48*h - 3758 = -42*h. Calculate the remainder when 2245 is divided by t.
1
Let p(y) = -179*y - 3304. Calculate the remainder when 12121 is divided by p(-19).
93
Suppose 2*v - i - 23 = 0, 4*i + 38 = 26. Calculate the remainder when v is divided by 4.
2
Let d = -683 + 727. Suppose -37*n - 623 = -d*n. What is the remainder when n is divided by 15?
14
Suppose 0*f + 3*f - 195 = 0. Let t = -2601 - -2624. What is the remainder when f is divided by t?
19
Suppose -11*h + 617 + 747 = 0. Let i be 1/(-1)*-5 + 0. Suppose 0 = 4*r - 2*r + i*c - 248, 3*c - h = -r. Calculate the remainder when r is divided by 21.
19
Let x = 1446 + -1408. Calculate the remainder when 4216 is divided by x.
36
Let v be 4 + 1/3*0. Suppose -2*z + 3*z + 4*r = 14, -32 = -v*z - 4*r. What is the remainder when (-43)/(-86) + 42/4 is divided by z?
5
Let z(u) = -u**2 - 11*u + 960. What is the remainder when z(-36) is divided by 16?
12
Calculate the remainder when 0 - (6 - 335*168/20) is divided by 38.
34
Suppose -6*a - 1 = m - 2*a, -4*a - 43 = -5*m. Calculate the remainder when 60 is divided by (111 + -105)*m/2.
18
What is the remainder when (3 + 6)/((-18)/(-478)) is divided by 49?
43
Let z(j) = 45*j**3 - 18*j**2 + 30*j. What is the remainder when z(2) is divided by 160?
28
Let a(k) = -8*k**2 + 180*k + 154. What is the remainder when 1796 is divided by a(23)?
60
Let t(v) = 4*v - 154 - 3*v + 154. What is the remainder when 39 is divided by t(6)?
3
Let j = 5500 - 5495. What is the remainder when 6408 is divided by j?
3
Let k be (8 + 22/(-4))*2. Suppose -7*x = -4*x - 3*n - 54, k*x - 126 = -4*n. Calculate the remainder when x is divided by 15.
7
Let z(m) = m**2 + 2*m - 22. Let i be z(9). Suppose -2*o - 3*g - 2*g + i = 0, -5*g - 128 = -3*o. Calculate the remainder when o is divided by 11.
8
Suppose 0 = 193*a - 45316 + 15398 - 33965. Calculate the remainder when a is divided by 0 + -1 + 13 - 3.
7
Let j = 75 - 22. Let i = 10659 - 10647. What is the remainder when j is divided by i?
5
Let s(g) = 134*g**2 + 2*g - 1. Suppose -5*r - 2*n + 7 = 2*n, 3*r - 4*n + 15 = 0. Calculate the remainder when s(r) is divided by 15.
11
Suppose 0 = -12*g + 30*g - 1458. Calculate the remainder when 802 is divided by g.
73
Let a(z) = -z**3 + 25*z**2 - 62*z - 77. Let y(b) = 4*b + 10. What is the remainder when y(11) is divided by a(22)?
10
Suppose -4*n = 3*w - 787, 2*w - 6*w = n - 1045. What is the remainder when w is divided by 30?
21
Suppose -4*b + 10 + 22 = 4*n, -3*n = -2*b - 9. Suppose 5*q + z = -53, 2*q + n*z = -34 - 1. What is the remainder when 1 + (2598/30 - 4/q) is divided by 23?
19
Let i be 18/(-24)*(-2 - 2). Let c(v) = 5*v**2 - v + 8. Let u be c(i). What is the remainder when 42 is divided by (u/40)/((-1)/(-12))?
12
Suppose 4*k + 131 = 3*u, -3*u + 30*k = 25*k - 136. Suppose -3*r - 50 = -362. Calculate the remainder when r is divided by u.
30
Let u = -108780 + 108995. Let r = -57 - -129. What is the remainder when u is divided by r?
71
Let m = -224 + 281. Suppose 3*h = 57 - 9. Calculate the remainder when m is divided by h.
9
Suppose 40*u = 52*u - 900. Calculate the remainder when 828 is divided by u.
3
Let h(b) = -b**3 - 20*b**2 - 19*b - 20. Let o be h(-19). What is the remainder when 118 is divided by (-7 - 110/(-20))*o/2?
13
Let v = -7598 - -7609. Calculate the remainder when 767 is divided by v.
8
Let h = -8962 + 9339. What is the remainder when h is divided by 7?
6
Let p = -909 - -910. Suppose q = 3*c + 88 - 61, 0 = -2*q - 5*c - p. What is the remainder when 117 is divided by q?
9
Suppose 0 = -66*v + 14226 - 2412. Calculate the remainder when v is divided by 14.
11
Let a = 5 - 1. Suppose a*y + 45 = 1717. Let j = y - 264. Calculate the remainder when j is divided by 26.
24
Let u(i) = -i + 7. Let y(h) = -2*h + 30. Let w be y(13). Suppose -7*t = -11 - 38. What is the remainder when t is divided by u(w)?
1
Let a(w) = 8*w**2 - 42*w - 271. Calculate the remainder when a(20) is divided by 95.
94
Let x(i) = -14*i**3 - 2*i**2 - i + 1. Let n be x(-1). Let h = -5 + 4. Let s = n - h. Calculate the remainder when 89 is divided by s.
14
Suppose -379 = -18*q + 827. Calculate the remainder when 598 is divided by q.
62
Let b(j) = -93*j**2 - 3*j + 2057. Calculate the remainder when b(0) is divided by 41.
7
What is the remainder when 1 + 3 - -119 - -10 is divided by 27?
25
Let n = -4031 - -4059. What is the remainder when 381 is divided by n?
17
Let k = -1792 + 4670. Calculate the remainder when k is divided by 67.
64
Suppose 114*d - 2*d = -104*d + 4968. Calculate the remainder when 1161 is divided by d.
11
Let s = -84 - -93. Suppose 0 = -3*i + c + 28, 3*c - 4*c = -4*i + 37. Suppose i*v - 120 = 4*v. Calculate the remainder when v is divided by s.
6
Let j be 2 + (-3 - -5) - 2. Suppose j*y - 372 = -10*y. Calculate the remainder when 184 is divided by y.
29
Let t(j) = j**2 + 87*j + 1068. Calculate the remainder when t(-86) is divided by 43.
36
Suppose 21*j = -0*j + 10941. What is the remainder when j/4*1*(-2 + 10) is divided by 58?
56
Let x = 58 + -64. Let d be (-2)/x*(-1 + 7). Suppose 3*b - 61 = -4*o + d*b, 0 = -3*o + 2*b + 32. Calculate the remainder when 68 is divided by o.
12
Let z be -5*(4/2 - 33/(-3)). What is the remainder when 6 is divided by z/(-10) - 3/2?
1
Suppose -2*z - 4*q = -17 - 1375, -3543 = -5*z - q. Calculate the remainder when z is divided by 197.
119
Suppose 7*q = 494 + 262. Calculate the remainder when q is divided by 57/(1*(3 - 0)).
13
Let a be 2 + (-2 - 1) + 10. Let u = a - -24. Let n = 32 - -65. Calculate the remainder when n is divided by u.
31
Let u(l) = l**2 - l - 5. Let n be u(2). Let w be (-1353)/(-99) + 2/n. Suppose -w*j = -197 - 11. What is the remainder when 142 is divided by j?
14
Suppose 0 = 46*f + 386 - 1674. What is the remainder when 783 is divided by f?
27
Let s be 10*(25/10 + -3). Let b be (-1 + 0)*(-9 - s). What is the remainder when (-47)/(-2) - (-2)/b is divided